{"id":107,"date":"2026-04-30T11:23:56","date_gmt":"2026-04-30T11:23:56","guid":{"rendered":"https:\/\/act-ing.fr\/?page_id=107"},"modified":"2026-04-30T11:24:39","modified_gmt":"2026-04-30T11:24:39","slug":"projets-en-cours","status":"publish","type":"page","link":"https:\/\/act-ing.fr\/index.php\/projets-en-cours\/","title":{"rendered":"Projets en cours"},"content":{"rendered":"\n<div class=\"wp-block-group alignfull has-accent-background-color has-background has-global-padding is-layout-constrained wp-container-core-group-is-layout-669513ed wp-block-group-is-layout-constrained\" style=\"margin-top:0;margin-bottom:0;padding-top:var(--wp--preset--spacing--50);padding-right:var(--wp--preset--spacing--50);padding-bottom:var(--wp--preset--spacing--50);padding-left:var(--wp--preset--spacing--50)\">\n<div class=\"wp-block-columns alignwide is-layout-flex wp-container-core-columns-is-layout-1da03c2a wp-block-columns-is-layout-flex\">\n<div class=\"wp-block-column is-vertically-aligned-stretch is-layout-flow wp-block-column-is-layout-flow\" style=\"flex-basis:50%\">\n<div class=\"wp-block-group is-vertical is-content-justification-stretch is-layout-flex wp-container-core-group-is-layout-444d5ee8 wp-block-group-is-layout-flex\" style=\"min-height:100%\">\n<p class=\"has-heading-font-family has-x-large-font-size\" style=\"line-height:1.2\">Groupes de travail th\u00e9matiques <\/p>\n\n\n\n<div class=\"wp-block-group has-global-padding is-content-justification-left is-layout-constrained wp-container-core-group-is-layout-9fe8ed88 wp-block-group-is-layout-constrained\">\n<h4 class=\"wp-block-heading alignfull\"><strong>Ethnographie\u00a0\u00e9nactive\u00a0et \u00e9critures du sensible\u00a0<\/strong>(coordinateur Gilles Dieumegard)<\/h4>\n\n\n\n<div class=\"wp-block-buttons is-layout-flex wp-block-buttons-is-layout-flex\">\n<div class=\"wp-block-button\"><a class=\"wp-block-button__link wp-element-button\">Contatct<\/a><\/div>\n<\/div>\n\n\n\n<h4 class=\"wp-block-heading alignfull\"><strong>Implications m\u00e9thodologiques de la notion analytique du signe hexadique et de la reconstitution de&nbsp;&nbsp; l\u2019engendrement de\/dans l\u2019exp\u00e9rience<\/strong>&nbsp;(coordinateurs Pier-Ann Boutin&nbsp;et Marc Blondeau) &nbsp;<\/h4>\n\n\n\n<div class=\"wp-block-buttons is-layout-flex wp-block-buttons-is-layout-flex\">\n<div class=\"wp-block-button\"><a class=\"wp-block-button__link wp-element-button\">Contatct<\/a><\/div>\n<\/div>\n\n\n\n<h4 class=\"wp-block-heading alignfull\"><strong>R\u00f4le des hypoth\u00e8ses et des crit\u00e8res de conception dans un Programme de Recherche Technologique<\/strong>&nbsp;(coordinateur Nicolas Perrin) <\/h4>\n\n\n\n<div class=\"wp-block-buttons is-layout-flex wp-block-buttons-is-layout-flex\">\n<div class=\"wp-block-button\"><a class=\"wp-block-button__link wp-element-button\">Contatct<\/a><\/div>\n<\/div>\n\n\n\n<h4 class=\"wp-block-heading alignfull\"><strong>Cours d\u2019action et intelligence artificielle&nbsp;<\/strong>&nbsp;(coordinatrice Art\u00e9mis Drakos) <\/h4>\n\n\n\n<div class=\"wp-block-buttons is-layout-flex wp-block-buttons-is-layout-flex\">\n<div class=\"wp-block-button\"><a class=\"wp-block-button__link wp-element-button\">Contatct<\/a><\/div>\n<\/div>\n<\/div>\n<\/div>\n<\/div>\n<\/div>\n<\/div>\n\n\n\n<div class=\"wp-block-group alignfull has-base-background-color has-background has-global-padding is-layout-constrained wp-container-core-group-is-layout-d89aad35 wp-block-group-is-layout-constrained\" style=\"margin-top:0;margin-bottom:0;padding-top:var(--wp--preset--spacing--50);padding-right:var(--wp--preset--spacing--50);padding-bottom:var(--wp--preset--spacing--50);padding-left:var(--wp--preset--spacing--50)\">\n<div class=\"wp-block-columns alignwide is-layout-flex wp-container-core-columns-is-layout-549b0c86 wp-block-columns-is-layout-flex\">\n<div class=\"wp-block-column has-global-padding is-content-justification-left is-layout-constrained wp-container-core-column-is-layout-4f15e8fe wp-block-column-is-layout-constrained\" style=\"flex-basis:40%\">\n<p><\/p>\n<\/div>\n\n\n\n<div class=\"wp-block-column is-layout-flow wp-container-core-column-is-layout-119bc444 wp-block-column-is-layout-flow\" style=\"flex-basis:60%\">\n<p class=\"has-heading-font-family has-x-large-font-size\" style=\"line-height:1.2\">Cartographie des travaux du programme de recherche du cours d&rsquo;action<\/p>\n\n\n\n<div class=\"wp-block-columns is-layout-flex wp-container-core-columns-is-layout-87beb0d0 wp-block-columns-is-layout-flex\">\n<div class=\"wp-block-column is-layout-flow wp-block-column-is-layout-flow\">\n<p class=\"wp-container-content-9cfa9a5a\">Un questionnaire est en cours de construction pour le recensement des travaux des chercheur.e.s s&rsquo;inscrivant dans le programme de recherche du cours d&rsquo;action. <\/p>\n<\/div>\n\n\n\n<div class=\"wp-block-column is-layout-flow wp-block-column-is-layout-flow\">\n<p><\/p>\n<\/div>\n<\/div>\n<\/div>\n<\/div>\n<\/div>\n\n\n\n<div class=\"wp-block-group alignfull has-accent-5-background-color has-background has-global-padding is-layout-constrained wp-container-core-group-is-layout-d89aad35 wp-block-group-is-layout-constrained\" style=\"margin-top:0;margin-bottom:0;padding-top:var(--wp--preset--spacing--50);padding-right:var(--wp--preset--spacing--50);padding-bottom:var(--wp--preset--spacing--50);padding-left:var(--wp--preset--spacing--50)\">\n<div class=\"wp-block-columns alignwide is-layout-flex wp-container-core-columns-is-layout-1da03c2a wp-block-columns-is-layout-flex\">\n<div class=\"wp-block-column is-vertically-aligned-center is-layout-flow wp-block-column-is-layout-flow\" style=\"flex-basis:60%\">\n<figure class=\"wp-block-image size-full is-style-rounded wp-duotone-duotone-1 is-style-rounded--1\"><img decoding=\"async\" src=\"https:\/\/act-ing.fr\/wp-content\/themes\/twentytwentyfour\/assets\/images\/abstract-geometric-art.webp\" alt=\"\u0152uvre d\u2019art g\u00e9om\u00e9trique abstraite blanche de Dresde, Allemagne\" style=\"aspect-ratio:4\/3;object-fit:cover\"\/><\/figure>\n<\/div>\n\n\n\n<div class=\"wp-block-column is-layout-flow wp-block-column-is-layout-flow\" style=\"flex-basis:40%\">\n<h2 class=\"wp-block-heading\">Ressources<\/h2>\n\n\n\n<p>Una capitalisation de ressources de vulgarisation est en cours. <\/p>\n<\/div>\n<\/div>\n<\/div>\n","protected":false},"excerpt":{"rendered":"<p>Groupes de travail th\u00e9matiques Ethnographie\u00a0\u00e9nactive\u00a0et \u00e9critures du sensible\u00a0(coordinateur Gilles Dieumegard) Implications m\u00e9thodologiques de la notion analytique du signe hexadique et de la reconstitution de&nbsp;&nbsp; l\u2019engendrement de\/dans l\u2019exp\u00e9rience&nbsp;(coordinateurs Pier-Ann Boutin&nbsp;et Marc Blondeau) &nbsp; R\u00f4le des hypoth\u00e8ses et des crit\u00e8res de conception dans un Programme de Recherche Technologique&nbsp;(coordinateur Nicolas Perrin) Cours d\u2019action et intelligence artificielle&nbsp;&nbsp;(coordinatrice Art\u00e9mis Drakos) [&hellip;]<\/p>\n","protected":false},"author":2,"featured_media":0,"parent":0,"menu_order":0,"comment_status":"closed","ping_status":"closed","template":"","meta":{"footnotes":""},"class_list":["post-107","page","type-page","status-publish","hentry"],"_links":{"self":[{"href":"https:\/\/act-ing.fr\/index.php\/wp-json\/wp\/v2\/pages\/107","targetHints":{"allow":["GET"]}}],"collection":[{"href":"https:\/\/act-ing.fr\/index.php\/wp-json\/wp\/v2\/pages"}],"about":[{"href":"https:\/\/act-ing.fr\/index.php\/wp-json\/wp\/v2\/types\/page"}],"author":[{"embeddable":true,"href":"https:\/\/act-ing.fr\/index.php\/wp-json\/wp\/v2\/users\/2"}],"replies":[{"embeddable":true,"href":"https:\/\/act-ing.fr\/index.php\/wp-json\/wp\/v2\/comments?post=107"}],"version-history":[{"count":4,"href":"https:\/\/act-ing.fr\/index.php\/wp-json\/wp\/v2\/pages\/107\/revisions"}],"predecessor-version":[{"id":113,"href":"https:\/\/act-ing.fr\/index.php\/wp-json\/wp\/v2\/pages\/107\/revisions\/113"}],"wp:attachment":[{"href":"https:\/\/act-ing.fr\/index.php\/wp-json\/wp\/v2\/media?parent=107"}],"curies":[{"name":"wp","href":"https:\/\/api.w.org\/{rel}","templated":true}]}}

<div class="wp-block-group alignfull has-accent-background-color has-background has-global-padding is-layout-constrained wp-container-core-group-is-layout-669513ed wp-block-group-is-layout-constrained" style="margin-top:0;margin-bottom:0;padding-top:var(--wp--preset--spacing--50);padding-right:var(--wp--preset--spacing--50);padding-bottom:var(--wp--preset--spacing--50);padding-left:var(--wp--preset--spacing--50)">
<div class="wp-block-columns alignwide is-layout-flex wp-container-core-columns-is-layout-1da03c2a wp-block-columns-is-layout-flex">
<div class="wp-block-column is-vertically-aligned-stretch is-layout-flow wp-block-column-is-layout-flow" style="flex-basis:50%">
<div class="wp-block-group is-vertical is-content-justification-stretch is-layout-flex wp-container-core-group-is-layout-444d5ee8 wp-block-group-is-layout-flex" style="min-height:100%">
<p class="has-heading-font-family has-x-large-font-size" style="line-height:1.2">Groupes de travail thématiques </p>



<div class="wp-block-group has-global-padding is-content-justification-left is-layout-constrained wp-container-core-group-is-layout-9fe8ed88 wp-block-group-is-layout-constrained">
<h4 class="wp-block-heading alignfull"><strong>Ethnographie énactive et écritures du sensible </strong>(coordinateur Gilles Dieumegard)</h4>



<div class="wp-block-buttons is-layout-flex wp-block-buttons-is-layout-flex">
<div class="wp-block-button"><a class="wp-block-button__link wp-element-button">Contatct</a></div>
</div>



<h4 class="wp-block-heading alignfull"><strong>Implications méthodologiques de la notion analytique du signe hexadique et de la reconstitution de&nbsp;&nbsp; l’engendrement de/dans l’expérience</strong>&nbsp;(coordinateurs Pier-Ann Boutin&nbsp;et Marc Blondeau) &nbsp;</h4>



<div class="wp-block-buttons is-layout-flex wp-block-buttons-is-layout-flex">
<div class="wp-block-button"><a class="wp-block-button__link wp-element-button">Contatct</a></div>
</div>



<h4 class="wp-block-heading alignfull"><strong>Rôle des hypothèses et des critères de conception dans un Programme de Recherche Technologique</strong>&nbsp;(coordinateur Nicolas Perrin) </h4>



<div class="wp-block-buttons is-layout-flex wp-block-buttons-is-layout-flex">
<div class="wp-block-button"><a class="wp-block-button__link wp-element-button">Contatct</a></div>
</div>



<h4 class="wp-block-heading alignfull"><strong>Cours d’action et intelligence artificielle&nbsp;</strong>&nbsp;(coordinatrice Artémis Drakos) </h4>



<div class="wp-block-buttons is-layout-flex wp-block-buttons-is-layout-flex">
<div class="wp-block-button"><a class="wp-block-button__link wp-element-button">Contatct</a></div>
</div>
</div>
</div>
</div>
</div>
</div>



<div class="wp-block-group alignfull has-base-background-color has-background has-global-padding is-layout-constrained wp-container-core-group-is-layout-d89aad35 wp-block-group-is-layout-constrained" style="margin-top:0;margin-bottom:0;padding-top:var(--wp--preset--spacing--50);padding-right:var(--wp--preset--spacing--50);padding-bottom:var(--wp--preset--spacing--50);padding-left:var(--wp--preset--spacing--50)">
<div class="wp-block-columns alignwide is-layout-flex wp-container-core-columns-is-layout-549b0c86 wp-block-columns-is-layout-flex">
<div class="wp-block-column has-global-padding is-content-justification-left is-layout-constrained wp-container-core-column-is-layout-4f15e8fe wp-block-column-is-layout-constrained" style="flex-basis:40%">
<p></p>
</div>



<div class="wp-block-column is-layout-flow wp-container-core-column-is-layout-119bc444 wp-block-column-is-layout-flow" style="flex-basis:60%">
<p class="has-heading-font-family has-x-large-font-size" style="line-height:1.2">Cartographie des travaux du programme de recherche du cours d&rsquo;action</p>



<div class="wp-block-columns is-layout-flex wp-container-core-columns-is-layout-87beb0d0 wp-block-columns-is-layout-flex">
<div class="wp-block-column is-layout-flow wp-block-column-is-layout-flow">
<p class="wp-container-content-9cfa9a5a">Un questionnaire est en cours de construction pour le recensement des travaux des chercheur.e.s s&rsquo;inscrivant dans le programme de recherche du cours d&rsquo;action. </p>
</div>



<div class="wp-block-column is-layout-flow wp-block-column-is-layout-flow">
<p></p>
</div>
</div>
</div>
</div>
</div>



<div class="wp-block-group alignfull has-accent-5-background-color has-background has-global-padding is-layout-constrained wp-container-core-group-is-layout-d89aad35 wp-block-group-is-layout-constrained" style="margin-top:0;margin-bottom:0;padding-top:var(--wp--preset--spacing--50);padding-right:var(--wp--preset--spacing--50);padding-bottom:var(--wp--preset--spacing--50);padding-left:var(--wp--preset--spacing--50)">
<div class="wp-block-columns alignwide is-layout-flex wp-container-core-columns-is-layout-1da03c2a wp-block-columns-is-layout-flex">
<div class="wp-block-column is-vertically-aligned-center is-layout-flow wp-block-column-is-layout-flow" style="flex-basis:60%">
<figure class="wp-block-image size-full is-style-rounded wp-duotone-duotone-1 is-style-rounded--1"><img decoding="async" src="https://act-ing.fr/wp-content/themes/twentytwentyfour/assets/images/abstract-geometric-art.webp" alt="Œuvre d’art géométrique abstraite blanche de Dresde, Allemagne" style="aspect-ratio:4/3;object-fit:cover"/></figure>
</div>



<div class="wp-block-column is-layout-flow wp-block-column-is-layout-flow" style="flex-basis:40%">
<h2 class="wp-block-heading">Ressources</h2>



<p>Una capitalisation de ressources de vulgarisation est en cours. </p>
</div>
</div>
</div>

<p>Groupes de travail thématiques Ethnographie énactive et écritures du sensible (coordinateur Gilles Dieumegard) Implications méthodologiques de la notion analytique du signe hexadique et de la reconstitution de&nbsp;&nbsp; l’engendrement de/dans l’expérience&nbsp;(coordinateurs Pier-Ann Boutin&nbsp;et Marc Blondeau) &nbsp; Rôle des hypothèses et des critères de conception dans un Programme de Recherche Technologique&nbsp;(coordinateur Nicolas Perrin) Cours d’action et intelligence artificielle&nbsp;&nbsp;(coordinatrice Artémis Drakos) [&hellip;]</p>
